{"id":99,"date":"2015-10-31T15:34:07","date_gmt":"2015-10-31T18:34:07","guid":{"rendered":"https:\/\/xakol.sc\/site\/?page_id=99"},"modified":"2017-08-24T22:11:34","modified_gmt":"2017-08-25T01:11:34","slug":"loja","status":"publish","type":"page","link":"https:\/\/xakol.sc\/site\/loja\/","title":{"rendered":"Loja"},"content":{"rendered":"<p><img decoding=\"async\" alt=\"\" src=\"https:\/\/xakol.sc\/site\/wp-content\/themes\/jduartedesign\/images\/titles\/loja.png\" \/><br \/>\n&nbsp;<br \/>\nPara fazer um or\u00e7amento com pre\u00e7os especiais, entre em contato com <a href=\"mailto:vendas@xakol.sc\">vendas@xakol.sc<\/a>!<\/p>\n<p>Ou compre diretamente atrav\u00e9s da nossa <a href=\"http:\/\/xakol.loja2.com.br\" target=\"_blank\">loja virtual no Brasil<\/a>, ou na nossa <a href=\"https:\/\/xakol.bandcamp.com\/merch\" target=\"_blank\">loja virtual internacional<\/a>!<\/p>\n<h2><span style=\"color: #bb1010;\">Singles<\/span><\/h2>\n<p><a href=\"https:\/\/xakol.sc\/site\/wp-content\/uploads\/2017\/06\/Xakol-Metal-for-Demons-Capa.jpg\"><img loading=\"lazy\" decoding=\"async\" class=\"alignnone size-thumbnail wp-image-769\" alt=\"Xakol - Metal for Demons - Capa\" src=\"https:\/\/xakol.sc\/site\/wp-content\/uploads\/2017\/06\/Xakol-Metal-for-Demons-Capa-150x150.jpg\" width=\"150\" height=\"150\" srcset=\"https:\/\/xakol.sc\/site\/wp-content\/uploads\/2017\/06\/Xakol-Metal-for-Demons-Capa-150x150.jpg 150w, https:\/\/xakol.sc\/site\/wp-content\/uploads\/2017\/06\/Xakol-Metal-for-Demons-Capa-300x300.jpg 300w, https:\/\/xakol.sc\/site\/wp-content\/uploads\/2017\/06\/Xakol-Metal-for-Demons-Capa-1024x1024.jpg 1024w, https:\/\/xakol.sc\/site\/wp-content\/uploads\/2017\/06\/Xakol-Metal-for-Demons-Capa.jpg 1476w\" sizes=\"auto, (max-width: 150px) 100vw, 150px\" \/><\/a><a href=\"https:\/\/xakol.sc\/site\/wp-content\/uploads\/2016\/05\/Xakol-Rise-of-a-New-Sun.jpg\"><a href=\"https:\/\/xakol.sc\/site\/wp-content\/uploads\/2016\/05\/Xakol-Rise-of-a-New-Sun.jpg\"><img loading=\"lazy\" decoding=\"async\" class=\"alignnone size-thumbnail wp-image-375\" alt=\"Xakol - Rise of a New Sun\" src=\"https:\/\/xakol.sc\/site\/wp-content\/uploads\/2016\/05\/Xakol-Rise-of-a-New-Sun-150x150.jpg\" width=\"150\" height=\"150\" srcset=\"https:\/\/xakol.sc\/site\/wp-content\/uploads\/2016\/05\/Xakol-Rise-of-a-New-Sun-150x150.jpg 150w, https:\/\/xakol.sc\/site\/wp-content\/uploads\/2016\/05\/Xakol-Rise-of-a-New-Sun-300x300.jpg 300w, https:\/\/xakol.sc\/site\/wp-content\/uploads\/2016\/05\/Xakol-Rise-of-a-New-Sun-1024x1024.jpg 1024w, https:\/\/xakol.sc\/site\/wp-content\/uploads\/2016\/05\/Xakol-Rise-of-a-New-Sun.jpg 1417w\" sizes=\"auto, (max-width: 150px) 100vw, 150px\" \/><\/a><\/p>\n<h2><span style=\"color: #bb1010;\">Camiseta Rise of a New Sun estampa total<\/span><\/h2>\n<p><a href=\"https:\/\/xakol.sc\/site\/wp-content\/uploads\/2015\/10\/rnsshirt.jpg\"><img loading=\"lazy\" decoding=\"async\" src=\"https:\/\/xakol.sc\/site\/wp-content\/uploads\/2015\/10\/rnsshirt-300x209.jpg\" alt=\"rnsshirt\" width=\"300\" height=\"209\" class=\"alignnone size-medium wp-image-859\" srcset=\"https:\/\/xakol.sc\/site\/wp-content\/uploads\/2015\/10\/rnsshirt-300x209.jpg 300w, https:\/\/xakol.sc\/site\/wp-content\/uploads\/2015\/10\/rnsshirt-1024x715.jpg 1024w, https:\/\/xakol.sc\/site\/wp-content\/uploads\/2015\/10\/rnsshirt.jpg 1280w\" sizes=\"auto, (max-width: 300px) 100vw, 300px\" \/><\/a><\/p>\n<h2><span style=\"color: #bb1010;\">Camisetas personalizadas pintadas \u00e0 m\u00e3o:<\/span><\/h2>\n<p><a href=\"https:\/\/xakol.sc\/site\/wp-content\/uploads\/2015\/10\/T2.jpg\"><img loading=\"lazy\" decoding=\"async\" class=\"alignnone size-medium wp-image-206\" alt=\"\" src=\"https:\/\/xakol.sc\/site\/wp-content\/uploads\/2015\/10\/T2-224x300.jpg\" width=\"224\" height=\"300\" srcset=\"https:\/\/xakol.sc\/site\/wp-content\/uploads\/2015\/10\/T2-224x300.jpg 224w, https:\/\/xakol.sc\/site\/wp-content\/uploads\/2015\/10\/T2-767x1024.jpg 767w, https:\/\/xakol.sc\/site\/wp-content\/uploads\/2015\/10\/T2.jpg 800w\" sizes=\"auto, (max-width: 224px) 100vw, 224px\" \/><\/a><img loading=\"lazy\" decoding=\"async\" class=\"alignnone size-medium wp-image-207\" alt=\"\" src=\"https:\/\/xakol.sc\/site\/wp-content\/uploads\/2015\/10\/T3-224x300.jpg\" width=\"224\" height=\"300\" srcset=\"https:\/\/xakol.sc\/site\/wp-content\/uploads\/2015\/10\/T3-224x300.jpg 224w, https:\/\/xakol.sc\/site\/wp-content\/uploads\/2015\/10\/T3-767x1024.jpg 767w, https:\/\/xakol.sc\/site\/wp-content\/uploads\/2015\/10\/T3.jpg 800w\" sizes=\"auto, (max-width: 224px) 100vw, 224px\" \/><img loading=\"lazy\" decoding=\"async\" class=\"alignnone size-medium wp-image-205\" alt=\"\" src=\"https:\/\/xakol.sc\/site\/wp-content\/uploads\/2015\/10\/T1-224x300.jpg\" width=\"224\" height=\"300\" srcset=\"https:\/\/xakol.sc\/site\/wp-content\/uploads\/2015\/10\/T1-224x300.jpg 224w, https:\/\/xakol.sc\/site\/wp-content\/uploads\/2015\/10\/T1-767x1024.jpg 767w, https:\/\/xakol.sc\/site\/wp-content\/uploads\/2015\/10\/T1.jpg 800w\" sizes=\"auto, (max-width: 224px) 100vw, 224px\" \/><\/p>\n<p>V\u00e1rias cores dispon\u00edveis!<\/p>\n<p>Encomende a sua pelo e-mail <a href=\"mailto:vendas@xakol.sc\">vendas@xakol.sc<\/a>!<\/p>\n<p>&nbsp;<\/p>\n<h2><span style=\"color: #bb1010;\">Camisetas impressas:<\/span><\/h2>\n<p><a href=\"http:\/\/www.vitrinepix.com.br\/xakol\/compre\/produto\/391944\/XAKOL\" target=\"_blank\"><img loading=\"lazy\" decoding=\"async\" class=\"alignnone  wp-image-271\" alt=\"\" src=\"https:\/\/xakol.sc\/site\/wp-content\/uploads\/2015\/10\/camisetavp1-300x270.png\" width=\"240\" height=\"216\" srcset=\"https:\/\/xakol.sc\/site\/wp-content\/uploads\/2015\/10\/camisetavp1-300x270.png 300w, https:\/\/xakol.sc\/site\/wp-content\/uploads\/2015\/10\/camisetavp1.png 521w\" sizes=\"auto, (max-width: 240px) 100vw, 240px\" \/><\/a><a href=\"http:\/\/www.vitrinepix.com.br\/xakol\/compre\/produto\/393079\/XAKOL-BLS\" target=\"_blank\"><img loading=\"lazy\" decoding=\"async\" class=\"alignnone  wp-image-272\" alt=\"\" src=\"https:\/\/xakol.sc\/site\/wp-content\/uploads\/2015\/10\/camisetavp2-300x270.png\" width=\"240\" height=\"216\" srcset=\"https:\/\/xakol.sc\/site\/wp-content\/uploads\/2015\/10\/camisetavp2-300x270.png 300w, https:\/\/xakol.sc\/site\/wp-content\/uploads\/2015\/10\/camisetavp2.png 521w\" sizes=\"auto, (max-width: 240px) 100vw, 240px\" \/><\/a> <a href=\"http:\/\/www.vitrinepix.com.br\/xakol\/compre\/produto\/393082\/XAKOL-RED\" target=\"_blank\"><img loading=\"lazy\" decoding=\"async\" class=\"alignnone  wp-image-273\" alt=\"\" src=\"https:\/\/xakol.sc\/site\/wp-content\/uploads\/2015\/10\/camisetavp3-300x270.png\" width=\"240\" height=\"216\" srcset=\"https:\/\/xakol.sc\/site\/wp-content\/uploads\/2015\/10\/camisetavp3-300x270.png 300w, https:\/\/xakol.sc\/site\/wp-content\/uploads\/2015\/10\/camisetavp3.png 521w\" sizes=\"auto, (max-width: 240px) 100vw, 240px\" \/><\/a> <a href=\"http:\/\/www.vitrinepix.com.br\/xakol\/compre\/produto\/393077\/XAKOL-BASIC\" target=\"_blank\"><img loading=\"lazy\" decoding=\"async\" class=\"alignnone  wp-image-274\" alt=\"\" src=\"https:\/\/xakol.sc\/site\/wp-content\/uploads\/2015\/10\/camisetavp4-300x270.png\" width=\"240\" height=\"216\" srcset=\"https:\/\/xakol.sc\/site\/wp-content\/uploads\/2015\/10\/camisetavp4-300x270.png 300w, https:\/\/xakol.sc\/site\/wp-content\/uploads\/2015\/10\/camisetavp4.png 521w\" sizes=\"auto, (max-width: 240px) 100vw, 240px\" \/><\/a><\/p>\n<p>Compre <a href=\"http:\/\/xakol.loja2.com.br\" target=\"_blank\">AQUI!<\/a><\/p>\n","protected":false},"excerpt":{"rendered":"<p>&nbsp; Para fazer um or\u00e7amento com pre\u00e7os especiais, entre em contato com vendas@xakol.sc! Ou compre diretamente atrav\u00e9s da nossa loja virtual no Brasil, ou na nossa loja virtual internacional! Singles Camiseta Rise of a New Sun estampa total Camisetas personalizadas pintadas \u00e0 m\u00e3o: V\u00e1rias cores dispon\u00edveis! Encomende a sua pelo e-mail vendas@xakol.sc! &nbsp; Camisetas impressas: [&hellip;]<\/p>\n","protected":false},"author":1,"featured_media":0,"parent":0,"menu_order":0,"comment_status":"open","ping_status":"open","template":"","meta":{"footnotes":""},"class_list":["post-99","page","type-page","status-publish","hentry"],"_links":{"self":[{"href":"https:\/\/xakol.sc\/site\/wp-json\/wp\/v2\/pages\/99","targetHints":{"allow":["GET"]}}],"collection":[{"href":"https:\/\/xakol.sc\/site\/wp-json\/wp\/v2\/pages"}],"about":[{"href":"https:\/\/xakol.sc\/site\/wp-json\/wp\/v2\/types\/page"}],"author":[{"embeddable":true,"href":"https:\/\/xakol.sc\/site\/wp-json\/wp\/v2\/users\/1"}],"replies":[{"embeddable":true,"href":"https:\/\/xakol.sc\/site\/wp-json\/wp\/v2\/comments?post=99"}],"version-history":[{"count":17,"href":"https:\/\/xakol.sc\/site\/wp-json\/wp\/v2\/pages\/99\/revisions"}],"predecessor-version":[{"id":204,"href":"https:\/\/xakol.sc\/site\/wp-json\/wp\/v2\/pages\/99\/revisions\/204"}],"wp:attachment":[{"href":"https:\/\/xakol.sc\/site\/wp-json\/wp\/v2\/media?parent=99"}],"curies":[{"name":"wp","href":"https:\/\/api.w.org\/{rel}","templated":true}]}}