{"id":304,"date":"2016-02-12T18:16:51","date_gmt":"2016-02-12T21:16:51","guid":{"rendered":"https:\/\/xakol.sc\/site\/?page_id=304"},"modified":"2017-06-15T03:49:52","modified_gmt":"2017-06-15T06:49:52","slug":"rise-of-a-new-sun-pt","status":"publish","type":"page","link":"https:\/\/xakol.sc\/site\/discografia\/rise-of-a-new-sun-pt\/","title":{"rendered":"Rise of a New Sun"},"content":{"rendered":"<p><a title=\"Discografia\" href=\"https:\/\/xakol.sc\/site\/discografia\/\"><img decoding=\"async\" alt=\"\" src=\"https:\/\/xakol.sc\/site\/wp-content\/themes\/jduartedesign\/images\/titles\/discografia.png\" \/><\/a><\/p>\n<h1><\/h1>\n<p>&nbsp;<\/p>\n<h1><span style=\"color: #bb1010;\">Rise of a New Sun<\/span><\/h1>\n<p>&nbsp;<\/p>\n<p><a href=\"#historia\">Hist\u00f3ria<\/a> &#8211;\u00a0<a href=\"#letra\">Letra<\/a>\u00a0&#8211; <a href=\"#traducao\">Tradu\u00e7\u00e3o<\/a><\/p>\n<p><span class=\"youtube\"><iframe loading=\"lazy\" title=\"YouTube video player\" class=\"youtube-player\" type=\"text\/html\" width=\"640\" height=\"344\" src=\"\/\/www.youtube.com\/embed\/UUmbIcqDgnA?wmode=transparent&amp;fs=1&amp;hl=en&amp;modestbranding=1&amp;iv_load_policy=3&amp;showsearch=0&amp;rel=1&amp;theme=dark\" frameborder=\"0\" allowfullscreen><\/iframe><\/span><\/p>\n<p>&nbsp;<\/p>\n<h3 id=\"historia\"><span style=\"color: #bb1010;\">Hist\u00f3ria:<\/span><\/h3>\n<p><a href=\"https:\/\/xakol.sc\/site\/wp-content\/uploads\/2016\/05\/Xakol-Rise-of-a-New-Sun.jpg\"><img loading=\"lazy\" decoding=\"async\" class=\"size-medium wp-image-375 alignright\" alt=\"Xakol - Rise of a New Sun\" src=\"https:\/\/xakol.sc\/site\/wp-content\/uploads\/2016\/05\/Xakol-Rise-of-a-New-Sun-300x300.jpg\" width=\"300\" height=\"300\" srcset=\"https:\/\/xakol.sc\/site\/wp-content\/uploads\/2016\/05\/Xakol-Rise-of-a-New-Sun-300x300.jpg 300w, https:\/\/xakol.sc\/site\/wp-content\/uploads\/2016\/05\/Xakol-Rise-of-a-New-Sun-150x150.jpg 150w, https:\/\/xakol.sc\/site\/wp-content\/uploads\/2016\/05\/Xakol-Rise-of-a-New-Sun-1024x1024.jpg 1024w, https:\/\/xakol.sc\/site\/wp-content\/uploads\/2016\/05\/Xakol-Rise-of-a-New-Sun.jpg 1417w\" sizes=\"auto, (max-width: 300px) 100vw, 300px\" \/><\/a><br \/>\nEsta m\u00fasica, incialmente escrita em 2003, representou um marco para mim como compositor, pois foi a primeira m\u00fasica que eu compus para ser 100% metal, apesar de ter sido composta ap\u00f3s &#8220;Murdering My Heart&#8221;, que acabou se tornando ainda mais pesada depois de alguns ajustes. Rise of a new sun foi modificada v\u00e1rias vezes ao longo dos anos, com as principais modifica\u00e7\u00f5es tendo sido feitas em 2007 e 2009. A primeira vers\u00e3o de 2003 foi composta em midi, tinha dura\u00e7\u00e3o de 5:43 e come\u00e7ava com a introdu\u00e7\u00e3o \u00a0do que acabou se tornando a parte 2 da m\u00fasica, sendo o lead feito para guitarra. Em 2004 a m\u00fasica ganhou arranjo de teclado, mas manteve a mesma estrutura e dura\u00e7\u00e3o. Em 2007, no per\u00edodo em que eu integrava a Alpha Six, cogitou-se inclu\u00ed-l\u00e1 no setlist da banda, e o guitarrista e meu parceiro de composi\u00e7\u00f5es Ranieri Quadros sugeriu passar o lead para o teclado, ideia que acabei aceitando posteriormente. Mas o maior problema que havia na vers\u00e3o original da m\u00fasica era a passagem da introdu\u00e7\u00e3o para a parte 1 da m\u00fasica, que era bem brochante na vers\u00e3o original. Para resolver isso, decidi antecipar a parte 1 com uma breve introdu\u00e7\u00e3o, melodia alterada e andamento mais lento, estendendo a m\u00fasica para 6:12 de dura\u00e7\u00e3o. Nesse momento comecei a considerar separar a m\u00fasica em 2 faixas para que a introdu\u00e7\u00e3o da parte 2 mantivesse o impacto como in\u00edcio de uma m\u00fasica. Em 2009 a estrutura da m\u00fasica tomou forma definitiva, com uma introdu\u00e7\u00e3o mais longa, onde aproveitei as melodias que eu havia usado na parte 1 das vers\u00f5es anteriores. Tamb\u00e9m foi estendida a pausa ap\u00f3s o solo, com um preenchimento de teclado sugerido por Daniel Schlemper, e com isso a m\u00fasica passou a ter 7:46 de dura\u00e7\u00e3o.<\/p>\n<p>Sua tem\u00e1tica se assemelha muito ao conceito do &#8220;Chaos Lit a Soul&#8221; e, n\u00e3o havendo entrado este \u00e1lbum, pode ser considerada um prel\u00fadio ao que vir\u00e1 a seguir, se tornando a faixa principal e primeiro single do debut.\u00a0A letra foi inspirada em um &#8220;per\u00edodo de escurid\u00e3o musical&#8221; que vivi em minha vida entre 2002 e 2004, ap\u00f3s ter mudado de cidade encerrando as atividades da minha primeira banda, sem encontrar uma substituta, nem ter composto nada que considerei relevante no per\u00edodo. Mal sabia eu que passaria por um per\u00edodo de escurid\u00e3o muito maior posteriormente em minha vida. A letra introduz um certo tipo de ironia, que se tornaria uma caracter\u00edstica muito presente na minha forma de escrever, ao utilizar termos clich\u00eas da linguagem do Heavy Metal para descrever acontecimentos ordin\u00e1rios do cotidiano.<\/p>\n<p>&nbsp;<\/p>\n<h3 id=\"letra\"><span style=\"color: #bb1010;\">Letra:<\/span><\/h3>\n<p><em>Part 1 &#8211; Sunset<\/em><\/p>\n<p>My life was a beautiful story<br \/>\nAs a walk on a sunny and green park<br \/>\nUsed to listen to the sound of my glory<br \/>\nUntil when everything turned dark<\/p>\n<p>Clouds came<br \/>\nThe sun faded<br \/>\nMy life changed<br \/>\nNot the same<br \/>\nI fainted<br \/>\nWith the pain<\/p>\n<p>To the evil force I lost this fight<br \/>\nIt left me unconscious on the ground<br \/>\nNow my life is a never ending night<br \/>\nAlthough I still have friends around<\/p>\n<p>For years I&#8217;ve been sleeping and couldn&#8217;t wake<br \/>\nFor years there&#8217;s been no chance that I could take<br \/>\nThere has been only darkness around here<br \/>\nI haven&#8217;t seen any light in years<br \/>\nBut what is this that&#8217;s passed by my eyes?<br \/>\nSomething tells me to stand up and fight<\/p>\n<p>&nbsp;<\/p>\n<p><em>Part 2 &#8211; Sunrise<\/em><\/p>\n<p>Is it light that I see?<br \/>\nIs it hope that I feel<br \/>\nDo I still bleed<br \/>\nOr have my wounds healed?<\/p>\n<p>I think I&#8217;m ready<br \/>\nTo start again<br \/>\nSo now I ask<\/p>\n<p>Come to me spirit of light<br \/>\nWake me up from this dark and cold night<br \/>\nMy endless sleep shall come to an end<br \/>\nLet the old sun shine again on this land<\/p>\n<p>Sun of freedom<br \/>\nBurn my laziness<br \/>\nMake my will outgrow my fear<br \/>\nGive me strength to carry on<br \/>\nFree me from temptations<br \/>\nShow me determination<br \/>\nDon&#8217;t let me give up my goals<br \/>\nShine in my soul<\/p>\n<p>Shine in my soul<br \/>\nForever inside me<br \/>\nLeave me in the dark no more<br \/>\nSun of my life<\/p>\n<p>Time to wake from the nightmare<br \/>\nTime to rise from my ashes<br \/>\nThe light I see is now real<br \/>\nNot only memories and flashes<\/p>\n<p>Awake and now fine<br \/>\nIt&#8217;s my time to come back<br \/>\nAll this power is mine<br \/>\nAnd I will never lack<\/p>\n<p>Gotta show them I&#8217;m here<br \/>\nAlive and unbeaten<br \/>\nWith no scars and no fear<br \/>\nNot alone and not hidden<\/p>\n<p>Come to me spirit of light<br \/>\nWake me up from this dark and cold night<br \/>\nMy endless sleep shall come to an end<br \/>\nLet a new sun rise and shine on this land<\/p>\n<p>Sun of freedom<br \/>\nBurn my laziness<br \/>\nMake my will outgrow my fear<br \/>\nGive me strength to carry on<br \/>\nFree me from temptations<br \/>\nShow me determination<br \/>\nDon&#8217;t let me give up my goals<br \/>\nShine in my soul<\/p>\n<p>Forever inside me<br \/>\nLeave me in the dark no more<\/p>\n<p>Cause I won&#8217;t look behind<br \/>\nBy this light I&#8217;ll be led<br \/>\nWith a dream in my mind<br \/>\nI will fight till I&#8217;m dead<\/p>\n<p>&nbsp;<\/p>\n<h3 id=\"traducao\"><span style=\"color: #bb1010;\">Tradu\u00e7\u00e3o:<\/span><\/h3>\n<p><em>Parte 1<\/em><\/p>\n<p>Minha vida era uma bela hist\u00f3ria<br \/>\nComo um passeio em um parque verde e ensolarado<br \/>\nCostumava ouvir o som da minha gl\u00f3ria<br \/>\nAt\u00e9 que tudo escureceu<\/p>\n<p>Nuvens vieram<br \/>\nO sol sumiu<br \/>\nMinha vida mudou<br \/>\nN\u00e3o mais o mesmo<br \/>\nDesmaiei com a dor<\/p>\n<p>Para a for\u00e7a do mal eu perdi esta luta<br \/>\nEla me deixou inconsciente no ch\u00e3o<br \/>\nAgora minha vida \u00e9 uma noite sem fim<br \/>\nMesmo ainda tendo amigos por perto<\/p>\n<p>Por anos, eu estive dormindo e n\u00e3o conseguia acordar<br \/>\nPor anos, n\u00e3o houve chances para arriscar<br \/>\nTem havido apenas escurid\u00e3o ao meu redor<br \/>\nN\u00e3o tenho visto uma luz em anos<br \/>\nMas o que \u00e9 isso que passou pelos meus olhos?<br \/>\nAlgo me diz para levantar e lutar<\/p>\n<p>&nbsp;<\/p>\n<p><em>Parte 2<\/em><\/p>\n<p>\u00c9 luz o que eu vejo?<br \/>\n\u00c9 esperan\u00e7a o que sinto?<br \/>\nAinda estou sangrando?<br \/>\nOu minhas feridas se curaram?<\/p>\n<p>Acho que estou pronto<br \/>\nPara come\u00e7ar de novo<br \/>\nEnt\u00e3o pe\u00e7o<\/p>\n<p>Venha a mim esp\u00edrito de luz<br \/>\nAcorde-me desta noite fria e escura<br \/>\nMeu sono intermin\u00e1vel deve acabar agora<br \/>\nQue o velho sol brilhe novamente nesta terra<\/p>\n<p>Sol da liberdade<br \/>\nQueime minha pregui\u00e7a<br \/>\nFa\u00e7a minha vontade superar meu medo<br \/>\nD\u00ea-me for\u00e7as para continuar<br \/>\nLivre-me das tenta\u00e7\u00f5es<br \/>\nMostre-me determina\u00e7\u00e3o<br \/>\nN\u00e3o me deixe desistir dos meus objetivos<br \/>\nBrilhe em minha alma<\/p>\n<p>Brilhe em minha alma<br \/>\nPara sempre dentro de mim<br \/>\nNunca mais me deixe no escuro<br \/>\nSol da minha vida<\/p>\n<p>Hora de acordar do pesadelo<br \/>\nHora de reerguer-me das cinzas<br \/>\nA luz que vejo agora \u00e9 real<br \/>\nN\u00e3o apenas lembran\u00e7as e flashes<\/p>\n<p>Desperto e bem agora<br \/>\n\u00c9 minha hora de retornar<br \/>\nTodo este poder \u00e9 meu<br \/>\nE nunca vai me faltar<\/p>\n<p>Vou mostrar a eles que estou aqui<br \/>\nVivo e n\u00e3o derrotado<br \/>\nSem cicatrizes e sem medo<br \/>\nNem sozinho, nem escondido<\/p>\n<p>Venha a mim esp\u00edrito de luz<br \/>\nAcorde-me desta noite fria e escura<br \/>\nMeu sono intermin\u00e1vel deve acabar agora<br \/>\nQue um novo sol nas\u00e7a e brilhe nesta terra<\/p>\n<p>Sol da liberdade<br \/>\nQueime minha pregui\u00e7a<br \/>\nFa\u00e7a minha vontade superar meu medo<br \/>\nD\u00ea-me for\u00e7as para continuar<br \/>\nLivre-me das tenta\u00e7\u00f5es<br \/>\nMostre-me determina\u00e7\u00e3o<br \/>\nN\u00e3o me deixe desistir dos meus objetivos<br \/>\nBrilhe em minha alma<\/p>\n<p>Para sempre dentro de mim<br \/>\nNunca mais me deixe no escuro<\/p>\n<p>Pois n\u00e3o olharei para tr\u00e1s<br \/>\nPor esta luz serei guiado<br \/>\nCom um sonho em mente<br \/>\nLutarei at\u00e9 a morte<\/p>\n","protected":false},"excerpt":{"rendered":"<p>&nbsp; Rise of a New Sun &nbsp; Hist\u00f3ria &#8211;\u00a0Letra\u00a0&#8211; Tradu\u00e7\u00e3o &nbsp; Hist\u00f3ria: Esta m\u00fasica, incialmente escrita em 2003, representou um marco para mim como compositor, pois foi a primeira m\u00fasica que eu compus para ser 100% metal, apesar de ter sido composta ap\u00f3s &#8220;Murdering My Heart&#8221;, que acabou se tornando ainda mais pesada depois de [&hellip;]<\/p>\n","protected":false},"author":1,"featured_media":0,"parent":16,"menu_order":0,"comment_status":"open","ping_status":"open","template":"","meta":{"footnotes":""},"class_list":["post-304","page","type-page","status-publish","hentry"],"_links":{"self":[{"href":"https:\/\/xakol.sc\/site\/wp-json\/wp\/v2\/pages\/304","targetHints":{"allow":["GET"]}}],"collection":[{"href":"https:\/\/xakol.sc\/site\/wp-json\/wp\/v2\/pages"}],"about":[{"href":"https:\/\/xakol.sc\/site\/wp-json\/wp\/v2\/types\/page"}],"author":[{"embeddable":true,"href":"https:\/\/xakol.sc\/site\/wp-json\/wp\/v2\/users\/1"}],"replies":[{"embeddable":true,"href":"https:\/\/xakol.sc\/site\/wp-json\/wp\/v2\/comments?post=304"}],"version-history":[{"count":20,"href":"https:\/\/xakol.sc\/site\/wp-json\/wp\/v2\/pages\/304\/revisions"}],"predecessor-version":[{"id":309,"href":"https:\/\/xakol.sc\/site\/wp-json\/wp\/v2\/pages\/304\/revisions\/309"}],"up":[{"embeddable":true,"href":"https:\/\/xakol.sc\/site\/wp-json\/wp\/v2\/pages\/16"}],"wp:attachment":[{"href":"https:\/\/xakol.sc\/site\/wp-json\/wp\/v2\/media?parent=304"}],"curies":[{"name":"wp","href":"https:\/\/api.w.org\/{rel}","templated":true}]}}