{"id":20,"date":"2015-10-17T20:27:19","date_gmt":"2015-10-17T23:27:19","guid":{"rendered":"https:\/\/xakol.sc\/site\/?page_id=20"},"modified":"2019-04-10T03:50:41","modified_gmt":"2019-04-10T06:50:41","slug":"contatos","status":"publish","type":"page","link":"https:\/\/xakol.sc\/site\/contatos\/","title":{"rendered":"Contatos"},"content":{"rendered":"<p><img decoding=\"async\" alt=\"\" src=\"https:\/\/xakol.sc\/site\/wp-content\/themes\/jduartedesign\/images\/titles\/contatos.png\" \/><\/p>\n<p>Assuntos gerais: <a href=\"mailto:contato@xakol.sc\" target=\"_blank\">contato@xakol.sc<\/a><br \/>\nContato para shows no Brasil: <a href=\"mailto:producao@xakol.sc\" target=\"_blank\">producao@xakol.sc<\/a><\/p>\n<p><strong>Redes sociais:<\/strong><\/p>\n<p>YouTube:\u00a0<a href=\"https:\/\/www.youtube.com\/c\/XAKOL\" target=\"_blank\">youtube.com\/XAKOL<\/a><br \/>\nFacebook: <a href=\"https:\/\/www.facebook.com\/XAKOL\" target=\"_blank\">facebook.com\/XAKOL<\/a><br \/>\nInstagram:\u00a0<a href=\"http:\/\/www.instagram.com\/XAKOL\" target=\"_blank\">instagram.com\/XAKOL<\/a><\/p>\n<p><strong>Download e streaming:<\/strong><\/p>\n<p>Bandcamp:\u00a0<a href=\"http:\/\/xakol.bandcamp.com\" target=\"_blank\">xakol.bandcamp.com<\/a><br \/>\nSoundcloud: <a href=\"http:\/\/www.soundcloud.com\/XAKOL\" target=\"_blank\">soundcloud.com\/XAKOL<\/a><br \/>\nReverbNation: <a href=\"http:\/\/www.reverbnation.com\/XAKOL\" target=\"_blank\">reverbnation.com\/XAKOL<\/a><br \/>\nSpotify: <a href=\"https:\/\/open.spotify.com\/artist\/30sOVabkqgIjDiD2BieTwq\" target=\"_blank\">https:\/\/open.spotify.com\/artist\/30sOVabkqgIjDiD2BieTwq<\/a><br \/>\nDeezer: <a href=\"http:\/\/www.deezer.com\/artist\/12612515\" target=\"_blank\">http:\/\/www.deezer.com\/artist\/12612515<\/a><br \/>\nGoogle Play: <a href=\"https:\/\/play.google.com\/store\/music\/artist?id=Aqdrf46f3ac4lfaqcjypluyudsq\" target=\"_blank\">https:\/\/play.google.com\/store\/music\/artist?id=Aqdrf46f3ac4lfaqcjypluyudsq<\/a><br \/>\niTunes: <a href=\"https:\/\/itunes.apple.com\/us\/artist\/xakol\/id1245975818\" target=\"_blank\">https:\/\/itunes.apple.com\/us\/artist\/xakol\/id1245975818<\/a><\/p>\n<p>&nbsp;<\/p>\n<p><strong>\u00a0<\/strong><\/p>\n<h2>MAT\u00c9RIAS E ENTREVISTAS:<\/h2>\n<p><strong>Televis\u00e3o:<\/strong><\/p>\n<p><a href=\"https:\/\/ndmais.com.br\/videos\/balanco-geral-florianopolis\/gambiarra-musicos-se-reunem-para-tocar-instrumentos-recriados\/\" target=\"_blank\">Programa Balan\u00e7o Geral<\/a><br \/>\nRIC Record<br \/>\nExibido em 30\/05\/17<\/p>\n<p><span class=\"youtube\"><iframe loading=\"lazy\" title=\"YouTube video player\" class=\"youtube-player\" type=\"text\/html\" width=\"640\" height=\"344\" src=\"\/\/www.youtube.com\/embed\/xKdUo3CouSw?wmode=transparent&amp;fs=1&amp;hl=en&amp;modestbranding=1&amp;iv_load_policy=3&amp;showsearch=0&amp;rel=1&amp;theme=dark\" frameborder=\"0\" allowfullscreen><\/iframe><\/span><\/p>\n<p>&nbsp;<\/p>\n<p><strong>Revistas:<\/strong><\/p>\n<p><a href=\"https:\/\/slowlywerot.miiduu.com\/slowly-we-rot-11-2018\" target=\"_blank\">Slowly We Rot (Transilv\u00e2nia, Rom\u00eania), edi\u00e7\u00e3o #11<\/a><\/p>\n<p><a href=\"https:\/\/roadiecrew.com\/loja\/revistas\/edicao-242\/\" target=\"_blank\">Roadie Crew (Brasil), edi\u00e7\u00e3o #242<\/a><\/p>\n<p>&nbsp;<\/p>\n<p><strong>Jornais Impressos:<\/strong><\/p>\n<p><a href=\"https:\/\/ndmais.com.br\/noticias\/festival-de-gambiarra-instrumental-promete-surpreender-na-noite-desta-quarta-feira\/\" target=\"_blank\">Not\u00edcias do Dia<\/a><br \/>\nCircula\u00e7\u00e3o estadual<br \/>\nEdi\u00e7\u00e3o de 31\/05\/17<\/p>\n<p><a href=\"https:\/\/www.instagram.com\/p\/BSES4WbAjOK\/\" target=\"_blank\">Jornal Extra<\/a><br \/>\nCa\u00e7ador, SC<br \/>\nEdi\u00e7\u00e3o\u00a0de 22\/03\/17<\/p>\n<p>&nbsp;<\/p>\n<p><strong>R\u00e1dios:<\/strong><\/p>\n<p>Entrevista para programa Bem que se Kiss<br \/>\nR\u00e1dio Kiss FM, 92.5 MHz<br \/>\nS\u00e3o Paulo, SP<\/p>\n<p><span class=\"youtube\"><iframe loading=\"lazy\" title=\"YouTube video player\" class=\"youtube-player\" type=\"text\/html\" width=\"640\" height=\"344\" src=\"\/\/www.youtube.com\/embed\/TR_XGfZmvUU?wmode=transparent&amp;fs=1&amp;hl=en&amp;modestbranding=1&amp;iv_load_policy=3&amp;showsearch=0&amp;rel=1&amp;theme=dark\" frameborder=\"0\" allowfullscreen><\/iframe><\/span><\/p>\n<p><a href=\"https:\/\/www.mixcloud.com\/radiosubsolo\/osubsolo-17\/\" target=\"_blank\">Entrevista para R\u00e1dio O Subsolo<\/a><\/p>\n<p><a href=\"https:\/\/www.mixcloud.com\/Frizonsaxon\/heavy-metal-thunder-programa-de-050817\/\" target=\"_blank\">Programa Heavy Metal Thunder<\/a><br \/>\nStudio 87 FM, 87.7 MHz<br \/>\nVeran\u00f3polis, RS<\/p>\n<p>&nbsp;<\/p>\n<p><strong>Canais de YouTube:<\/strong><\/p>\n<p>Confira as entrevistas dispon\u00edveis no YouTube na playlist abaixo:<br \/>\n<span class=\"youtube\"><iframe loading=\"lazy\" title=\"YouTube video player\" class=\"youtube-player\" type=\"text\/html\" width=\"640\" height=\"344\" src=\"\/\/www.youtube.com\/embed\/j3Z17X9fqCU?wmode=transparent&amp;fs=1&amp;hl=en&amp;modestbranding=1&amp;iv_load_policy=3&amp;showsearch=0&amp;rel=1&amp;theme=dark&amp;list=PLMu46MLO4Qhv-qYaEQXL-rz3EF4f8npkH\" frameborder=\"0\" allowfullscreen><\/iframe><\/span><\/p>\n<p><strong>Mat\u00e9rias em Outros Sites:<\/strong><\/p>\n<p><a href=\"https:\/\/whiplash.net\/bandas\/xakol.html\" target=\"_blank\">Whiplash.net<\/a>\u00a0&#8211; Lista das mat\u00e9rias publicadas no site<br \/>\n<a href=\"https:\/\/www.imperative-music.com\/news\/xakol-fantastic-melodic-progressive\/\" target=\"_blank\">Imperative Music <\/a>&#8211; XAKOL: Fantastic, Melodic, Progressive<br \/>\n<a href=\"culturaempeso.com.br\/2018\/04\/07\/xakol-bate-papo-sobre-sua-historia\/\" target=\"_blank\">Cultura em Peso<\/a> &#8211; Xakol \u2013 Bate papo sobre sua hist\u00f3ria<br \/>\n<a href=\"www.osubsolo.com\/2017\/11\/entrevista-saulo-castilho-xakol.html\" target=\"_blank\">O Subsolo<\/a> &#8211; Entrevista: Saulo Castilho (XAKOL)<br \/>\n<a href=\"urussangarock.blogspot.com.br\/2017\/08\/xakol-grupo-florianopolitano-nos.html\" target=\"_blank\">Urussanga Rock Music<\/a> &#8211; Grupo florianopolitano nos concede uma grande entrevista<br \/>\n<a href=\"http:\/\/www.diarioriodopeixe.com\/cultura\/20415-musico-de-cacador-apresenta-projeto-autoral-\/\" target=\"_blank\">Di\u00e1rio Rio do Peixe<\/a> &#8211; M\u00fasico de Ca\u00e7ador apresenta projeto autoral<br \/>\n<a href=\"http:\/\/rifferama.com\/james-labrie-faz-show-em-floripa-com-o-noturnall-em-abril\/\" target=\"_blank\">Rifferama<\/a><br \/>\n<a href=\"https:\/\/entretenimento.uol.com.br\/colunas\/adriana-de-barros\/2018\/03\/08\/vocalista-do-dream-theater-vem-ao-brasil-pra-participar-do-dvd-do-noturnall.htm\" target=\"_blank\">UOL<\/a><\/p>\n","protected":false},"excerpt":{"rendered":"<p>Assuntos gerais: contato@xakol.sc Contato para shows no Brasil: producao@xakol.sc Redes sociais: YouTube:\u00a0youtube.com\/XAKOL Facebook: facebook.com\/XAKOL Instagram:\u00a0instagram.com\/XAKOL Download e streaming: Bandcamp:\u00a0xakol.bandcamp.com Soundcloud: soundcloud.com\/XAKOL ReverbNation: reverbnation.com\/XAKOL Spotify: https:\/\/open.spotify.com\/artist\/30sOVabkqgIjDiD2BieTwq Deezer: http:\/\/www.deezer.com\/artist\/12612515 Google Play: https:\/\/play.google.com\/store\/music\/artist?id=Aqdrf46f3ac4lfaqcjypluyudsq iTunes: https:\/\/itunes.apple.com\/us\/artist\/xakol\/id1245975818 &nbsp; \u00a0 MAT\u00c9RIAS E ENTREVISTAS: Televis\u00e3o: Programa Balan\u00e7o Geral RIC Record Exibido em 30\/05\/17 &nbsp; Revistas: Slowly We Rot (Transilv\u00e2nia, Rom\u00eania), edi\u00e7\u00e3o #11 [&hellip;]<\/p>\n","protected":false},"author":1,"featured_media":0,"parent":0,"menu_order":0,"comment_status":"open","ping_status":"open","template":"","meta":{"footnotes":""},"class_list":["post-20","page","type-page","status-publish","hentry"],"_links":{"self":[{"href":"https:\/\/xakol.sc\/site\/wp-json\/wp\/v2\/pages\/20","targetHints":{"allow":["GET"]}}],"collection":[{"href":"https:\/\/xakol.sc\/site\/wp-json\/wp\/v2\/pages"}],"about":[{"href":"https:\/\/xakol.sc\/site\/wp-json\/wp\/v2\/types\/page"}],"author":[{"embeddable":true,"href":"https:\/\/xakol.sc\/site\/wp-json\/wp\/v2\/users\/1"}],"replies":[{"embeddable":true,"href":"https:\/\/xakol.sc\/site\/wp-json\/wp\/v2\/comments?post=20"}],"version-history":[{"count":22,"href":"https:\/\/xakol.sc\/site\/wp-json\/wp\/v2\/pages\/20\/revisions"}],"predecessor-version":[{"id":1068,"href":"https:\/\/xakol.sc\/site\/wp-json\/wp\/v2\/pages\/20\/revisions\/1068"}],"wp:attachment":[{"href":"https:\/\/xakol.sc\/site\/wp-json\/wp\/v2\/media?parent=20"}],"curies":[{"name":"wp","href":"https:\/\/api.w.org\/{rel}","templated":true}]}}